f 130408759?
9
What is the ten thousands digit of 83936112?
3
What is the hundred thousands digit of 16809365?
8
What is the ten thousands digit of 176046738?
4
What is the hundred millions digit of 4882555543?
8
What is the hundreds digit of 2624531787?
7
What is the ten millions digit of 344812362?
4
What is the hundred thousands digit of 757230539?
2
What is the hundred thousands digit of 48743934?
7
What is the ten millions digit of 95077430?
9
What is the thousands digit of 521960404?
0
What is the hundred thousands digit of 17830894?
8
What is the hundred millions digit of 730475327?
7
What is the millions digit of 3278599423?
8
What is the ten thousands digit of 36298925?
9
What is the tens digit of 237938710?
1
What is the ten thousands digit of 2731676019?
7
What is the billions digit of 3113977147?
3
What is the thousands digit of 153668283?
8
What is the tens digit of 27544752?
5
What is the ten millions digit of 2626663660?
2
What is the ten thousands digit of 103107898?
0
What is the ten millions digit of 29948328?
2
What is the units digit of 2439383542?
2
What is the millions digit of 434691331?
4
What is the hundreds digit of 11631834?
8
What is the hundred thousands digit of 197235369?
2
What is the thousands digit of 2283624202?
4
What is the millions digit of 41944511?
1
What is the hundreds digit of 3198487449?
4
What is the hundreds digit of 292448316?
3
What is the units digit of 2009606586?
6
What is the ten millions digit of 1663910353?
6
What is the hundreds digit of 68723646?
6
What is the hundred thousands digit of 2695696050?
6
What is the thousands digit of 39140033?
0
What is the hundreds digit of 80241599?
5
What is the ten thousands digit of 88415494?
1
What is the hundred thousands digit of 40119986?
1
What is the hundreds digit of 151585091?
0
What is the hundreds digit of 157599678?
6
What is the hundreds digit of 1026184875?
8
What is the hundreds digit of 51586026?
0
What is the ten millions digit of 627490325?
2
What is the thousands digit of 241462913?
2
What is the hundreds digit of 50810684?
6
What is the hundred thousands digit of 64647916?
6
What is the ten millions digit of 265429317?
6
What is the millions digit of 45063669?
5
What is the units digit of 620104521?
1
What is the hundred millions digit of 1465261723?
4
What is the millions digit of 98886170?
8
What is the hundreds digit of 162043034?
0
What is the units digit of 48821871?
1
What is the units digit of 1723110959?
9
What is the tens digit of 57414633?
3
What is the ten millions digit of 384180509?
8
What is the millions digit of 523760352?
3
What is the units digit of 16981790?
0
What is the tens digit of 1529769315?
1
What is the millions digit of 48780176?
8
What is the ten thousands digit of 116224532?
2
What is the hundred millions digit of 1315404364?
3
What is the units digit of 61211322?
2
What is the tens digit of 69410983?
8
What is the thousands digit of 1306104368?
4
What is the tens digit of 315220632?
3
What is the millions digit of 385748860?
5
What is the millions digit of 456322279?
6
What is the ten millions digit of 194181789?
9
What is the thousands digit of 761850027?
0
What is the units digit of 2351748807?
7
What is the ten thousands digit of 41037958?
3
What is the thousands digit of 298338821?
8
What is the millions digit of 36405733?
6
What is the hundreds digit of 23101151?
1
What is the hundreds digit of 10575077?
0
What is the millions digit of 63779469?
3
What is the tens digit of 76978300?
0
What is the millions digit of 792176204?
2
What is the tens digit of 2280708098?
9
What is the millions digit of 69032482?
9
What is the tens digit of 1007000950?
5
What is the units digit of 115926664?
4
What is the thousands digit of 682121286?
1
What is the thousands digit of 508511320?
1
What is the ten millions digit of 478139389?
7
What is the hundreds digit of 151827548?
5
What is the hundred millions digit of 2131442468?
1
What is the units digit of 60967184?
4
What is the ten millions digit of 16178038?
1
What is the hundreds digit of 37344144?
1
What is the hundred millions digit of 487981286?
4
What is the hundreds digit of 2497561935?
9
What is the thousands digit of 84617353?
7
What is the hundred thousands digit of 85059418?
0
What is the millions digit of 258173307?
8
What is the ten thousands digit of 118054070?
5
What is the hundred thousands digit of 3840409501?
4
What is the ten thousands digit of 2230498535?
9
What is the hundreds digit of 224119413?
4
What is the hundreds digit of 2183876394?
3
What is the ten thousands digit of 707818196?
1
What is the hundreds digit of 95523687?
6
What is the thousands digit of 999685783?
5
What is the ten thousands digit of 1599555436?
5
What is the ten millions digit of 19153648?
1
What is the hundred thousands digit of 39412036?
4
What is the tens digit of 31195041?
4
What is the ten millions digit of 41024468?
4
What is the units digit of 309555714?
4
What is the units digit of 633362290?
0
What is the units digit of 117378742?
2
What is the ten thousands digit of 2743940?
4
What is the units digit of 4228307?
7
What is the ten thousands digit of 126640645?
4
What is the ten millions digit of 16176646?
1
What is the millions digit of 1857614019?
7
What is the hundred millions digit of 1821497647?
8
What is the units digit of 7917757569?
9
What is the ten millions digit of 1157047368?
5
What is the ten millions digit of 886166532?
8
What is the ten thousands digit of 1403600306?
0
What is the hundreds digit of 154079160?
1
What is the units digit of 201577284?
4
What is the millions digit of 3499433736?
9
What is the millions digit of 41353136?
1
What is the hundreds digit of 433951362?
3
What is the tens digit of 76971900?
0
What is the thousands digit of 733725855?
5
What is the hundred millions digit of 979643177?
9
What is the ten millions digit of 20680826?
2
What is the thousands digit of 1050475618?
5
What is the tens digit of 197538303?
0
What is the units digit of 406382500?
0
What is the hundreds digit of 75840624?
6
What is the ten thousands digit of 77011564?
1
What is the millions digit of 5338993312?
8
What is the ten millions digit of 1528767800?
2
What is the hundred thousands digit of 4577504215?
5
What is the millions digit of 223461288?
3
What is the ten thousands digit of 686072123?
7
What is the tens digit of 5813867?
6
What is the tens digit of 861598386?
8
What is the billions digit of 3618650508?
3
What is the units digit of 1072133548?
8
What is the hundred thousands digit of 112953259?
9
What is the ten millions digit of 239171369?
3
What is the hundred thousands digit of 340274599?
2
What is the thousands digit of 1007419196?
9
What is the units digit of 225191112?
2
What is the ten thousands digit of 90464142?
6
What is the ten thousands digit of 76104935?
0
What is the thousands digit of 1296992620?
2
What is the tens digit of 448765686?
8
What is the millions digit of 36202448?
6
What is the hundred millions digit of 541621579?
5
What is the tens digit of 128369993?
9
What is the ten millions digit of 33943403?
3
What is the ten thousands digit of 12786952?
8
What is the hundred thousands digit of 112148076?
1
What is the millions digit of 9433591?
9
What is the millions digit of 715781182?
5
What is the hundred thousands digit of 131061074?
0
What is the tens digit of 1075703432?
3
What is the millions digit of 79863260?
9
What is the tens digit of 30833434?
3
What is the units digit of 16937080?
0
What is the hundreds digit of 6135960?
9
What is the billions digit of 2496436143?
2
What is the tens digit of 46434363?
6
What is the billions digit of 3188581092?
3
What is the tens digit of 140895?
9
What is the millions digit of 49659549?
9
What is the hundred thousands digit of 5796210132?
2
What is the millions digit of 41390508?
1
What is the ten thousands digit of 377119537?
1
What is the millions digit of 37202946?
7
What is the ten thousands digit of 780995850?
9
What is the units digit of 26081617?
7
What is the millions digit of 58544292?
8
What is the hundred millions digit of 305243855?
3
What is the hundred millions digit of 145357384?
1
What is the ten thousands digit of 2557545117?
4
What is the ten millions digit 